{"id":1207,"date":"2025-01-16T18:59:52","date_gmt":"2025-01-16T18:59:52","guid":{"rendered":"http:\/\/rejowiec.diecezja.lublin.pl\/?page_id=1207"},"modified":"2025-11-03T10:53:00","modified_gmt":"2025-11-03T08:53:00","slug":"inwestycje","status":"publish","type":"page","link":"https:\/\/rejowiec.diecezja.lublin.pl\/?page_id=1207","title":{"rendered":"Inwestycje"},"content":{"rendered":"\n<figure class=\"wp-block-image size-full is-style-default\"><img loading=\"lazy\" decoding=\"async\" width=\"658\" height=\"444\" src=\"https:\/\/rejowiec.diecezja.lublin.pl\/wp-content\/uploads\/2025\/11\/IMG_20251103_0950412.jpg\" alt=\"\" class=\"wp-image-1341\" style=\"object-fit:cover\" srcset=\"https:\/\/rejowiec.diecezja.lublin.pl\/wp-content\/uploads\/2025\/11\/IMG_20251103_0950412.jpg 658w, https:\/\/rejowiec.diecezja.lublin.pl\/wp-content\/uploads\/2025\/11\/IMG_20251103_0950412-300x202.jpg 300w, https:\/\/rejowiec.diecezja.lublin.pl\/wp-content\/uploads\/2025\/11\/IMG_20251103_0950412-600x405.jpg 600w\" sizes=\"auto, (max-width: 658px) 100vw, 658px\" \/><figcaption class=\"wp-element-caption\">W ramach zadania pn. &#8220;Konserwacja i restauracja poszycia dachowego, poprawa i cz\u0119\u015bciowe uzupe\u0142nienie elewacji \u015bcian ko\u015bcio\u0142a pw. \u015aw. Jozafata BM w Rejowcu&#8221; zostan\u0105 przeprowadzone prace zwi\u0105zane z wymian\u0105 poszycia dachowego ko\u015bcio\u0142a, cz\u0119\u015bciowa poprawa i uzupe\u0142nienie elewacji i muru ko\u015bcio\u0142a na wysoko\u015bci dachu, ocieplenie stropu oraz regeneracja uszkodzonych schod\u00f3w na wie\u017c\u0119 ko\u015bcio\u0142a. Realizacja zadania zosta\u0142a zaplanowana do ko\u0144ca listopada 2025 r.&nbsp;<br>Powy\u017csza inwestycja jest wykonywana przez firm\u0119 z Lublina ECOHVAC SP. Z o.o. Oddzia\u0142 w Polsce.<br>20 tys. z\u0142 dofinansowa\u0142o Starostwo Powiatowe.<\/figcaption><\/figure>\n\n\n\n<p><\/p>\n","protected":false},"excerpt":{"rendered":"","protected":false},"author":1,"featured_media":0,"parent":0,"menu_order":0,"comment_status":"closed","ping_status":"closed","template":"","meta":{"footnotes":""},"class_list":["post-1207","page","type-page","status-publish","hentry"],"_links":{"self":[{"href":"https:\/\/rejowiec.diecezja.lublin.pl\/index.php?rest_route=\/wp\/v2\/pages\/1207","targetHints":{"allow":["GET"]}}],"collection":[{"href":"https:\/\/rejowiec.diecezja.lublin.pl\/index.php?rest_route=\/wp\/v2\/pages"}],"about":[{"href":"https:\/\/rejowiec.diecezja.lublin.pl\/index.php?rest_route=\/wp\/v2\/types\/page"}],"author":[{"embeddable":true,"href":"https:\/\/rejowiec.diecezja.lublin.pl\/index.php?rest_route=\/wp\/v2\/users\/1"}],"replies":[{"embeddable":true,"href":"https:\/\/rejowiec.diecezja.lublin.pl\/index.php?rest_route=%2Fwp%2Fv2%2Fcomments&post=1207"}],"version-history":[{"count":11,"href":"https:\/\/rejowiec.diecezja.lublin.pl\/index.php?rest_route=\/wp\/v2\/pages\/1207\/revisions"}],"predecessor-version":[{"id":1342,"href":"https:\/\/rejowiec.diecezja.lublin.pl\/index.php?rest_route=\/wp\/v2\/pages\/1207\/revisions\/1342"}],"wp:attachment":[{"href":"https:\/\/rejowiec.diecezja.lublin.pl\/index.php?rest_route=%2Fwp%2Fv2%2Fmedia&parent=1207"}],"curies":[{"name":"wp","href":"https:\/\/api.w.org\/{rel}","templated":true}]}}

<figure class="wp-block-image size-full is-style-default"><img loading="lazy" decoding="async" width="658" height="444" src="https://rejowiec.diecezja.lublin.pl/wp-content/uploads/2025/11/IMG_20251103_0950412.jpg" alt="" class="wp-image-1341" style="object-fit:cover" srcset="https://rejowiec.diecezja.lublin.pl/wp-content/uploads/2025/11/IMG_20251103_0950412.jpg 658w, https://rejowiec.diecezja.lublin.pl/wp-content/uploads/2025/11/IMG_20251103_0950412-300x202.jpg 300w, https://rejowiec.diecezja.lublin.pl/wp-content/uploads/2025/11/IMG_20251103_0950412-600x405.jpg 600w" sizes="auto, (max-width: 658px) 100vw, 658px" /><figcaption class="wp-element-caption">W ramach zadania pn. &#8220;Konserwacja i restauracja poszycia dachowego, poprawa i częściowe uzupełnienie elewacji ścian kościoła pw. Św. Jozafata BM w Rejowcu&#8221; zostaną przeprowadzone prace związane z wymianą poszycia dachowego kościoła, częściowa poprawa i uzupełnienie elewacji i muru kościoła na wysokości dachu, ocieplenie stropu oraz regeneracja uszkodzonych schodów na wieżę kościoła. Realizacja zadania została zaplanowana do końca listopada 2025 r.&nbsp;<br>Powyższa inwestycja jest wykonywana przez firmę z Lublina ECOHVAC SP. Z o.o. Oddział w Polsce.<br>20 tys. zł dofinansowało Starostwo Powiatowe.</figcaption></figure>



<p></p>
