{"id":1262,"date":"2025-06-26T19:38:24","date_gmt":"2025-06-26T19:38:24","guid":{"rendered":"http:\/\/rejowiec.diecezja.lublin.pl\/?page_id=1262"},"modified":"2025-07-03T13:10:34","modified_gmt":"2025-07-03T11:10:34","slug":"vatican-news","status":"publish","type":"page","link":"https:\/\/rejowiec.diecezja.lublin.pl\/?page_id=1262","title":{"rendered":"Wiadomo\u015bci z Watykanu"},"content":{"rendered":"\n<style>\n    .vatican_news { padding: 0; }\r\n.vanews-date { color: #474747; font-size: 0.86em; } \r\n.vnews-li-a {color: #085c99; text-decoration: none; }\r\n.img-fluid d-block border rounded {height: 50; max-width: 90; } \r\n.woocommerce img {height: 50; max-width: 90; } \r\n.woocommerce-page img {height: 50; max-width: 90; } \r\n<\/style>\n<div class=\"vatican-news\" style='border: 3px solid #e0e0e0' >\n    \n        <div style='padding: 10px; margin: 0 0 15px 0; background-color: #CC0000' class='vatican-news-brand'>\n        <a href='https:\/\/www.vaticannews.va\/'><img src='https:\/\/www.vaticannews.va\/etc\/designs\/vatican-news\/release\/library\/main\/images\/vatican-news-header-white_retina.png' width='150' alt='Vatican News'><\/a>\n        <\/div>\n        <h2 style='display: none;' aria-hidden='false'>Vatican News<\/h2>\n            <ul class=\"vnews-h\">\n    <li class='vnews-li'>\n        <a href='https:\/\/www.vaticannews.va\/pl\/swiat\/news\/2026-05\/aresztowano-podejrzanego-o-atak-na-zakonnica-w-jerozolima.html' target='_blank' class='vnews-li-a'>Aresztowano podejrzanego o atak na francusk\u0105 siostr\u0119 zakonn\u0105 w Jerozolimie<\/a> \n        <span class='vanews-date'>(2026-05-01 16:21)<\/span>\n        <\/li><li class='vnews-li'>\n        <a href='https:\/\/www.vaticannews.va\/pl\/kosciol\/news\/2026-05\/nowy-przeor-jasnej-gory.html' target='_blank' class='vnews-li-a'>Nowy przeor Jasnej G\u00f3ry<\/a> \n        <span class='vanews-date'>(2026-05-01 15:28)<\/span>\n        <\/li><li class='vnews-li'>\n        <a href='https:\/\/www.vaticannews.va\/pl\/watykan\/news\/2026-05\/pulkownik-polskiego-pochodzenia-biskupem-pomocniczym-waszyngtonu.html' target='_blank' class='vnews-li-a'>Pu\u0142kownik polskiego pochodzenia biskupem pomocniczym Waszyngtonu<\/a> \n        <span class='vanews-date'>(2026-05-01 12:05)<\/span>\n        <\/li><li class='vnews-li'>\n        <a href='https:\/\/www.vaticannews.va\/pl\/watykan\/news\/2026-05\/ai-w-misji-kosciola-to-narzedzie-ktore-trzeba-poznac.html' target='_blank' class='vnews-li-a'>AI w misji Ko\u015bcio\u0142a. \u201eTo narz\u0119dzie, kt\u00f3re trzeba pozna\u0107\u201d<\/a> \n        <span class='vanews-date'>(2026-05-01 11:04)<\/span>\n        <\/li><li class='vnews-li'>\n        <a href='https:\/\/www.vaticannews.va\/pl\/watykan\/news\/2026-05\/miesiac-z-maryja-w-bazylice-matki-bozej-wiekszej.html' target='_blank' class='vnews-li-a'>\u201eMiesi\u0105c z Maryj\u0105\u201d w Bazylice Matki Bo\u017cej Wi\u0119kszej<\/a> \n        <span class='vanews-date'>(2026-05-01 10:15)<\/span>\n        <\/li><li class='vnews-li'>\n        <a href='https:\/\/www.vaticannews.va\/pl\/watykan\/news\/2026-05\/watykan-rozbrojenie-nuklearne-staje-sie-coraz-pilniejsza-kwesti.html' target='_blank' class='vnews-li-a'>Watykan: rozbrojenie nuklearne staje si\u0119 coraz pilniejsz\u0105 kwesti\u0105<\/a> \n        <span class='vanews-date'>(2026-05-01 09:14)<\/span>\n        <\/li><li class='vnews-li'>\n        <a href='https:\/\/www.vaticannews.va\/pl\/kosciol\/news\/2026-05\/sdm-w-seulu-powstaje-krzyz-pokoju-z-drutu-kolczastego.html' target='_blank' class='vnews-li-a'>\u015aDM w Seulu: powstaje \u201ekrzy\u017c pokoju\u201d z drutu kolczastego<\/a> \n        <span class='vanews-date'>(2026-05-01 08:00)<\/span>\n        <\/li><li class='vnews-li'>\n        <a href='https:\/\/www.vaticannews.va\/pl\/kosciol\/news\/2026-05\/belgia-powrot-do-zarzuconych-praktyk-marsz-dla-powolan.html' target='_blank' class='vnews-li-a'>Belgia: powr\u00f3t do zarzuconych praktyk, Marsz dla Powo\u0142a\u0144<\/a> \n        <span class='vanews-date'>(2026-05-01 07:00)<\/span>\n        <\/li><li class='vnews-li'>\n        <a href='https:\/\/www.vaticannews.va\/pl\/swiat\/news\/2026-04\/rok-markowy-2028-1200-lecie-relikwii-sw-marka-w-wenecji.html' target='_blank' class='vnews-li-a'>Rok Markowy 2028 \u2013 1200-lecie relikwii \u015bw. Marka w Wenecji<\/a> \n        <span class='vanews-date'>(2026-04-30 17:58)<\/span>\n        <\/li><li class='vnews-li'>\n        <a href='https:\/\/www.vaticannews.va\/pl\/kosciol\/news\/2026-04\/flandria-tylko-3-kosciolow-zachowa-stricte-sakralny-charakter.html' target='_blank' class='vnews-li-a'>Flandria: tylko 3 % ko\u015bcio\u0142\u00f3w zachowa stricte sakralny charakter<\/a> \n        <span class='vanews-date'>(2026-04-30 16:40)<\/span>\n        <\/li>    <\/ul>\n<\/div>\n<br>\n\n\n\t\t\t\t\t\t\n\n\n\n<!DOCTYPE html>\n<html>\n<head>\n<style>\na {\n    color: #085c99;\n  }\n<\/style>\n<\/head>\n<body>\n\n<font size=\"5\" color=\"#050505\"> Wi\u0119cej wiadomo\u015bci na stronie <a href=\"https:\/\/rejowiec.diecezja.lublin.pl\/?surl=vatican-news\" target=\"_blank\" rel=\"noopener noreferrer\">Vatican News<\/a><\/font>\n\n<\/body>\n<\/html>\n\n\n","protected":false},"excerpt":{"rendered":"<p>Wi\u0119cej wiadomo\u015bci na stronie Vatican News<\/p>\n","protected":false},"author":1,"featured_media":0,"parent":0,"menu_order":0,"comment_status":"closed","ping_status":"closed","template":"","meta":{"footnotes":""},"class_list":["post-1262","page","type-page","status-publish","hentry"],"_links":{"self":[{"href":"https:\/\/rejowiec.diecezja.lublin.pl\/index.php?rest_route=\/wp\/v2\/pages\/1262","targetHints":{"allow":["GET"]}}],"collection":[{"href":"https:\/\/rejowiec.diecezja.lublin.pl\/index.php?rest_route=\/wp\/v2\/pages"}],"about":[{"href":"https:\/\/rejowiec.diecezja.lublin.pl\/index.php?rest_route=\/wp\/v2\/types\/page"}],"author":[{"embeddable":true,"href":"https:\/\/rejowiec.diecezja.lublin.pl\/index.php?rest_route=\/wp\/v2\/users\/1"}],"replies":[{"embeddable":true,"href":"https:\/\/rejowiec.diecezja.lublin.pl\/index.php?rest_route=%2Fwp%2Fv2%2Fcomments&post=1262"}],"version-history":[{"count":31,"href":"https:\/\/rejowiec.diecezja.lublin.pl\/index.php?rest_route=\/wp\/v2\/pages\/1262\/revisions"}],"predecessor-version":[{"id":1308,"href":"https:\/\/rejowiec.diecezja.lublin.pl\/index.php?rest_route=\/wp\/v2\/pages\/1262\/revisions\/1308"}],"wp:attachment":[{"href":"https:\/\/rejowiec.diecezja.lublin.pl\/index.php?rest_route=%2Fwp%2Fv2%2Fmedia&parent=1262"}],"curies":[{"name":"wp","href":"https:\/\/api.w.org\/{rel}","templated":true}]}}

Wiadomości z Watykanu

<style>
    .vatican_news { padding: 0; }
.vanews-date { color: #474747; font-size: 0.86em; } 
.vnews-li-a {color: #085c99; text-decoration: none; }
.img-fluid d-block border rounded {height: 50; max-width: 90; } 
.woocommerce img {height: 50; max-width: 90; } 
.woocommerce-page img {height: 50; max-width: 90; } 
</style>
<div class="vatican-news" style='border: 3px solid #e0e0e0' >
    
        <div style='padding: 10px; margin: 0 0 15px 0; background-color: #CC0000' class='vatican-news-brand'>
        <a href='https://www.vaticannews.va/'><img src='https://www.vaticannews.va/etc/designs/vatican-news/release/library/main/images/vatican-news-header-white_retina.png' width='150' alt='Vatican News'></a>
        </div>
        <h2 style='display: none;' aria-hidden='false'>Vatican News</h2>
            <ul class="vnews-h">
    <li class='vnews-li'>
        <a href='https://www.vaticannews.va/pl/swiat/news/2026-05/aresztowano-podejrzanego-o-atak-na-zakonnica-w-jerozolima.html' target='_blank' class='vnews-li-a'>Aresztowano podejrzanego o atak na francuską siostrę zakonną w Jerozolimie</a> 
        <span class='vanews-date'>(2026-05-01 16:21)</span>
        </li><li class='vnews-li'>
        <a href='https://www.vaticannews.va/pl/kosciol/news/2026-05/nowy-przeor-jasnej-gory.html' target='_blank' class='vnews-li-a'>Nowy przeor Jasnej Góry</a> 
        <span class='vanews-date'>(2026-05-01 15:28)</span>
        </li><li class='vnews-li'>
        <a href='https://www.vaticannews.va/pl/watykan/news/2026-05/pulkownik-polskiego-pochodzenia-biskupem-pomocniczym-waszyngtonu.html' target='_blank' class='vnews-li-a'>Pułkownik polskiego pochodzenia biskupem pomocniczym Waszyngtonu</a> 
        <span class='vanews-date'>(2026-05-01 12:05)</span>
        </li><li class='vnews-li'>
        <a href='https://www.vaticannews.va/pl/watykan/news/2026-05/ai-w-misji-kosciola-to-narzedzie-ktore-trzeba-poznac.html' target='_blank' class='vnews-li-a'>AI w misji Kościoła. „To narzędzie, które trzeba poznać”</a> 
        <span class='vanews-date'>(2026-05-01 11:04)</span>
        </li><li class='vnews-li'>
        <a href='https://www.vaticannews.va/pl/watykan/news/2026-05/miesiac-z-maryja-w-bazylice-matki-bozej-wiekszej.html' target='_blank' class='vnews-li-a'>„Miesiąc z Maryją” w Bazylice Matki Bożej Większej</a> 
        <span class='vanews-date'>(2026-05-01 10:15)</span>
        </li><li class='vnews-li'>
        <a href='https://www.vaticannews.va/pl/watykan/news/2026-05/watykan-rozbrojenie-nuklearne-staje-sie-coraz-pilniejsza-kwesti.html' target='_blank' class='vnews-li-a'>Watykan: rozbrojenie nuklearne staje się coraz pilniejszą kwestią</a> 
        <span class='vanews-date'>(2026-05-01 09:14)</span>
        </li><li class='vnews-li'>
        <a href='https://www.vaticannews.va/pl/kosciol/news/2026-05/sdm-w-seulu-powstaje-krzyz-pokoju-z-drutu-kolczastego.html' target='_blank' class='vnews-li-a'>ŚDM w Seulu: powstaje „krzyż pokoju” z drutu kolczastego</a> 
        <span class='vanews-date'>(2026-05-01 08:00)</span>
        </li><li class='vnews-li'>
        <a href='https://www.vaticannews.va/pl/kosciol/news/2026-05/belgia-powrot-do-zarzuconych-praktyk-marsz-dla-powolan.html' target='_blank' class='vnews-li-a'>Belgia: powrót do zarzuconych praktyk, Marsz dla Powołań</a> 
        <span class='vanews-date'>(2026-05-01 07:00)</span>
        </li><li class='vnews-li'>
        <a href='https://www.vaticannews.va/pl/swiat/news/2026-04/rok-markowy-2028-1200-lecie-relikwii-sw-marka-w-wenecji.html' target='_blank' class='vnews-li-a'>Rok Markowy 2028 – 1200-lecie relikwii św. Marka w Wenecji</a> 
        <span class='vanews-date'>(2026-04-30 17:58)</span>
        </li><li class='vnews-li'>
        <a href='https://www.vaticannews.va/pl/kosciol/news/2026-04/flandria-tylko-3-kosciolow-zachowa-stricte-sakralny-charakter.html' target='_blank' class='vnews-li-a'>Flandria: tylko 3 % kościołów zachowa stricte sakralny charakter</a> 
        <span class='vanews-date'>(2026-04-30 16:40)</span>
        </li>    </ul>
</div>
<br>


						



<!DOCTYPE html>
<html>
<head>
<style>
a {
    color: #085c99;
  }
</style>
</head>
<body>

<font size="5" color="#050505"> Więcej wiadomości na stronie <a href="https://rejowiec.diecezja.lublin.pl/?surl=vatican-news" target="_blank" rel="noopener noreferrer">Vatican News</a></font>

</body>
</html>

<p>Więcej wiadomości na stronie Vatican News</p>
