{"id":280,"date":"2020-07-20T10:02:38","date_gmt":"2020-07-20T10:02:38","guid":{"rendered":"http:\/\/rejowiec.diecezja.lublin.pl\/?page_id=280"},"modified":"2025-12-20T23:04:32","modified_gmt":"2025-12-20T21:04:32","slug":"cmentarz","status":"publish","type":"page","link":"https:\/\/rejowiec.diecezja.lublin.pl\/?page_id=280","title":{"rendered":"Cmentarz"},"content":{"rendered":"\n<p><strong>Pod poni\u017cszym linkiem dost\u0119pna jest interaktywna wyszukiwarka grob\u00f3w oraz zmar\u0142ych wraz ze szczeg\u00f3\u0142ow\u0105 map\u0105. <\/strong><\/p>\n\n\n\n<h2><a href=\"https:\/\/cmentarz.app\/cemeteries\/hSrOu\/buried-cards\" target=\"_blank\" rel=\"noopener noreferrer\">Wirtualna mapa cmentarza<\/a><\/h2>\n","protected":false},"excerpt":{"rendered":"<p>Pod poni\u017cszym linkiem dost\u0119pna jest interaktywna wyszukiwarka grob\u00f3w oraz zmar\u0142ych wraz ze szczeg\u00f3\u0142ow\u0105 map\u0105. Wirtualna mapa cmentarza<\/p>\n","protected":false},"author":1,"featured_media":0,"parent":0,"menu_order":0,"comment_status":"closed","ping_status":"closed","template":"","meta":{"footnotes":""},"class_list":["post-280","page","type-page","status-publish","hentry"],"_links":{"self":[{"href":"https:\/\/rejowiec.diecezja.lublin.pl\/index.php?rest_route=\/wp\/v2\/pages\/280","targetHints":{"allow":["GET"]}}],"collection":[{"href":"https:\/\/rejowiec.diecezja.lublin.pl\/index.php?rest_route=\/wp\/v2\/pages"}],"about":[{"href":"https:\/\/rejowiec.diecezja.lublin.pl\/index.php?rest_route=\/wp\/v2\/types\/page"}],"author":[{"embeddable":true,"href":"https:\/\/rejowiec.diecezja.lublin.pl\/index.php?rest_route=\/wp\/v2\/users\/1"}],"replies":[{"embeddable":true,"href":"https:\/\/rejowiec.diecezja.lublin.pl\/index.php?rest_route=%2Fwp%2Fv2%2Fcomments&post=280"}],"version-history":[{"count":15,"href":"https:\/\/rejowiec.diecezja.lublin.pl\/index.php?rest_route=\/wp\/v2\/pages\/280\/revisions"}],"predecessor-version":[{"id":1345,"href":"https:\/\/rejowiec.diecezja.lublin.pl\/index.php?rest_route=\/wp\/v2\/pages\/280\/revisions\/1345"}],"wp:attachment":[{"href":"https:\/\/rejowiec.diecezja.lublin.pl\/index.php?rest_route=%2Fwp%2Fv2%2Fmedia&parent=280"}],"curies":[{"name":"wp","href":"https:\/\/api.w.org\/{rel}","templated":true}]}}

<p><strong>Pod poniższym linkiem dostępna jest interaktywna wyszukiwarka grobów oraz zmarłych wraz ze szczegółową mapą. </strong></p>



<h2><a href="https://cmentarz.app/cemeteries/hSrOu/buried-cards" target="_blank" rel="noopener noreferrer">Wirtualna mapa cmentarza</a></h2>

<p>Pod poniższym linkiem dostępna jest interaktywna wyszukiwarka grobów oraz zmarłych wraz ze szczegółową mapą. Wirtualna mapa cmentarza</p>
