{"id":58,"date":"2019-04-29T16:14:21","date_gmt":"2019-04-29T16:14:21","guid":{"rendered":"http:\/\/rejowiec.diecezja.lublin.pl\/?page_id=58"},"modified":"2019-04-29T16:14:21","modified_gmt":"2019-04-29T16:14:21","slug":"parafia","status":"publish","type":"page","link":"https:\/\/rejowiec.diecezja.lublin.pl\/?page_id=58","title":{"rendered":"Parafia"},"content":{"rendered":"\n<p><strong>Rys historyczny<\/strong><\/p>\n\n\n\n<p>Parafia w Rejowcu zosta\u0142a erygowana 2 kwietnia 1919 r. przez \u00f3wczesnego biskupa lubelskiego M. Fulmana. Uprzednio istnia\u0142a w tej miejscowo\u015bciu parafia grekokatolicka. \u015awi\u0105tyni\u0119 unick\u0105 wybudowali i uposa\u017cyli Rzewuscy w 1720 r. Po kasacie unii, parafi\u0119 zlikwidowano. Now\u0105 pararafi\u0119 uposa\u017cy\u0142 m. in. w ziemi\u0119 w\u0142a\u015bciciel maj\u0105tku, Budny. W okresie mi\u0119dzywojennym nabo\u017ce\u0144stwa dla m\u0142odzie\u017cy szkolnej odbywa\u0142y si\u0119 w dawnym ko\u015bciele unickim ( by\u0142 on do I wojny \u015bwiatowej w r\u0119kach prawos\u0142awnych ). Podczas okupacji ko\u015bci\u00f3\u0142 znowu zamieniono na cerkiew. Dawniej w \u017cyciu religijnym wielka rol\u0119 odgrywa\u0142y r\u00f3\u017cnego rodzaju stowarzyszenia katolickie, tercjarze oraz nabo\u017ce\u0144stwa do MB Pocieszenia. Cmentarz grzebalny za\u0142o\u017cono w 1918 r. Jest tu pochowany zas\u0142u\u017cony, wieloletni duszpasterz pararafii Rejowiec w latach 1908-50, ks. kan. Bronis\u0142aw Zakrzewski.<\/p>\n\n\n\n<p><strong>Ko\u015bci\u00f3\u0142<\/strong><\/p>\n\n\n\n<p>Ko\u015bci\u00f3\u0142 murowany, wybudowano w latach 1906-1907, pw. \u015bw. Jozafata bm wed\u0142ug projektu arch. Szyllera z Warszawy. Fundatorami byli Maria i Jozafat Budny. Konsekrowa\u0142 go 29.05.1919 r. bp Marian Fulman.<br>Malowanie \u015bwi\u0105tyni nast\u0105pi\u0142o w 1956 r. &#8211; polichromia wg projektu wyk. przez zesp\u00f3\u0142 artyst\u00f3w: A. Haska, I. Wojnicka, M. Markowska. W 1972 r. wymieniono dach\u00f3wk\u0119 na blach\u0119.<br>Budynek jednonawowy, neogotycki, przy prezbiterium 2 zakrystie ( w podziemiach spoczywaj\u0105 fundatorzy). Przy nawie kruchta, nad kt\u00f3r\u0105 od strony po\u0142udniowej wznosi si\u0119 wie\u017ca ko\u015bcielna, nad naw\u0105 wie\u017cyczka na sygnaturk\u0119. O\u0142tarze wykonano w stylu neogotyckim. W o\u0142tarzu g\u0142\u00f3wnym figura \u015bw. Jozafata i p\u0142askorze\u017aby przedstawiaj\u0105ce 3 cz\u0119\u015bci r\u00f3\u017ca\u0144ca. O\u0142tarze boczne s\u0105 z drzewa d\u0119bowego, po lewej &#8211; krucyfiks zas\u0142aniany obrazem Serca P. Jezusa; po prawej &#8211; obraz \u015bw. Marii Kleofasowej i na zasuwie &#8211; \u015bw. J\u00f3zefa Oblubie\u0144ca NMP. Chrzcielnica d\u0119bowa, neogotycka, 1928 r. Na ch\u00f3rze muzycznym 9-g\u0142osowe organy zakupione w 1907 r. ( Jagodzi\u0144ski z Lublina). S\u0105 te\u017c inne zabytkowe obrazy przeniesione z dawnego ko\u015bcio\u0142a grekokatolickiego w Rejowcu &#8211; Wniebowzi\u0119cia NMP, XVIII w., Chrystusa Ukrzy\u017cowanego, XIX w., \u015bw. Micha\u0142a Archanio\u0142a, XIX w., kopia wg Giudo Reniego; MB Che\u0142mskiej, 1893 r. Ko\u015bci\u00f3\u0142 ma feretron z haftowanym wizerunkiem Niepokalanego Pocz\u0119cia NMP, XIX w. W nawie \u0142awki i konfesjona\u0142y d\u0119bowe, neogotyckie. Na wie\u017cy ko\u015bcielnej dzwon spi\u017cowy, 500kg, Wroc\u0142aw, 1947 r.<\/p>\n\n\n\n<figure class=\"wp-block-image\"><img loading=\"lazy\" decoding=\"async\" width=\"1024\" height=\"768\" src=\"http:\/\/rejowiec.diecezja.lublin.pl\/wp-content\/uploads\/2019\/05\/20190522_175954-1-1024x768.jpg\" alt=\"\" class=\"wp-image-79\" srcset=\"https:\/\/rejowiec.diecezja.lublin.pl\/wp-content\/uploads\/2019\/05\/20190522_175954-1-1024x768.jpg 1024w, https:\/\/rejowiec.diecezja.lublin.pl\/wp-content\/uploads\/2019\/05\/20190522_175954-1-300x225.jpg 300w, https:\/\/rejowiec.diecezja.lublin.pl\/wp-content\/uploads\/2019\/05\/20190522_175954-1-768x576.jpg 768w, https:\/\/rejowiec.diecezja.lublin.pl\/wp-content\/uploads\/2019\/05\/20190522_175954-1-1536x1152.jpg 1536w, https:\/\/rejowiec.diecezja.lublin.pl\/wp-content\/uploads\/2019\/05\/20190522_175954-1-2048x1536.jpg 2048w\" sizes=\"auto, (max-width: 1024px) 100vw, 1024px\" \/><\/figure>\n\n\n\n<p><strong>Miejscowo\u015bci, kt\u00f3re obecnie przynale\u017c\u0105 do parafii.<\/strong><\/p>\n\n\n\n<p>Adam\u00f3w; Aleksandria Niedzia\u0142owska; Czarnoziem; Hrusz\u00f3w kol.; Hrusz\u00f3w w.; Klementyn\u00f3w; Kobyle kol.; Kobyle w.; Krynica; Ludwin\u00f3w; Marynin; Marysin kol.; Marysin w.; Niedzia\u0142owice; Rejowiec kol.; Rejowiec; Rybie; Siedliszczki w.; Weresce Ma\u0142e; W\u00f3lka Rejowiecka;<\/p>\n","protected":false},"excerpt":{"rendered":"<p>Rys historyczny Parafia w Rejowcu zosta\u0142a erygowana 2 kwietnia 1919 r. przez \u00f3wczesnego biskupa lubelskiego M. Fulmana. Uprzednio istnia\u0142a w tej miejscowo\u015bciu parafia grekokatolicka. \u015awi\u0105tyni\u0119&hellip;<\/p>\n","protected":false},"author":1,"featured_media":0,"parent":0,"menu_order":0,"comment_status":"closed","ping_status":"closed","template":"","meta":{"footnotes":""},"class_list":["post-58","page","type-page","status-publish","hentry"],"_links":{"self":[{"href":"https:\/\/rejowiec.diecezja.lublin.pl\/index.php?rest_route=\/wp\/v2\/pages\/58","targetHints":{"allow":["GET"]}}],"collection":[{"href":"https:\/\/rejowiec.diecezja.lublin.pl\/index.php?rest_route=\/wp\/v2\/pages"}],"about":[{"href":"https:\/\/rejowiec.diecezja.lublin.pl\/index.php?rest_route=\/wp\/v2\/types\/page"}],"author":[{"embeddable":true,"href":"https:\/\/rejowiec.diecezja.lublin.pl\/index.php?rest_route=\/wp\/v2\/users\/1"}],"replies":[{"embeddable":true,"href":"https:\/\/rejowiec.diecezja.lublin.pl\/index.php?rest_route=%2Fwp%2Fv2%2Fcomments&post=58"}],"version-history":[{"count":0,"href":"https:\/\/rejowiec.diecezja.lublin.pl\/index.php?rest_route=\/wp\/v2\/pages\/58\/revisions"}],"wp:attachment":[{"href":"https:\/\/rejowiec.diecezja.lublin.pl\/index.php?rest_route=%2Fwp%2Fv2%2Fmedia&parent=58"}],"curies":[{"name":"wp","href":"https:\/\/api.w.org\/{rel}","templated":true}]}}

<p><strong>Rys historyczny</strong></p>



<p>Parafia w Rejowcu została erygowana 2 kwietnia 1919 r. przez ówczesnego biskupa lubelskiego M. Fulmana. Uprzednio istniała w tej miejscowościu parafia grekokatolicka. Świątynię unicką wybudowali i uposażyli Rzewuscy w 1720 r. Po kasacie unii, parafię zlikwidowano. Nową pararafię uposażył m. in. w ziemię właściciel majątku, Budny. W okresie międzywojennym nabożeństwa dla młodzieży szkolnej odbywały się w dawnym kościele unickim ( był on do I wojny światowej w rękach prawosławnych ). Podczas okupacji kościół znowu zamieniono na cerkiew. Dawniej w życiu religijnym wielka rolę odgrywały różnego rodzaju stowarzyszenia katolickie, tercjarze oraz nabożeństwa do MB Pocieszenia. Cmentarz grzebalny założono w 1918 r. Jest tu pochowany zasłużony, wieloletni duszpasterz pararafii Rejowiec w latach 1908-50, ks. kan. Bronisław Zakrzewski.</p>



<p><strong>Kościół</strong></p>



<p>Kościół murowany, wybudowano w latach 1906-1907, pw. św. Jozafata bm według projektu arch. Szyllera z Warszawy. Fundatorami byli Maria i Jozafat Budny. Konsekrował go 29.05.1919 r. bp Marian Fulman.<br>Malowanie świątyni nastąpiło w 1956 r. &#8211; polichromia wg projektu wyk. przez zespół artystów: A. Haska, I. Wojnicka, M. Markowska. W 1972 r. wymieniono dachówkę na blachę.<br>Budynek jednonawowy, neogotycki, przy prezbiterium 2 zakrystie ( w podziemiach spoczywają fundatorzy). Przy nawie kruchta, nad którą od strony południowej wznosi się wieża kościelna, nad nawą wieżyczka na sygnaturkę. Ołtarze wykonano w stylu neogotyckim. W ołtarzu głównym figura św. Jozafata i płaskorzeźby przedstawiające 3 części różańca. Ołtarze boczne są z drzewa dębowego, po lewej &#8211; krucyfiks zasłaniany obrazem Serca P. Jezusa; po prawej &#8211; obraz św. Marii Kleofasowej i na zasuwie &#8211; św. Józefa Oblubieńca NMP. Chrzcielnica dębowa, neogotycka, 1928 r. Na chórze muzycznym 9-głosowe organy zakupione w 1907 r. ( Jagodziński z Lublina). Są też inne zabytkowe obrazy przeniesione z dawnego kościoła grekokatolickiego w Rejowcu &#8211; Wniebowzięcia NMP, XVIII w., Chrystusa Ukrzyżowanego, XIX w., św. Michała Archanioła, XIX w., kopia wg Giudo Reniego; MB Chełmskiej, 1893 r. Kościół ma feretron z haftowanym wizerunkiem Niepokalanego Poczęcia NMP, XIX w. W nawie ławki i konfesjonały dębowe, neogotyckie. Na wieży kościelnej dzwon spiżowy, 500kg, Wrocław, 1947 r.</p>



<figure class="wp-block-image"><img loading="lazy" decoding="async" width="1024" height="768" src="http://rejowiec.diecezja.lublin.pl/wp-content/uploads/2019/05/20190522_175954-1-1024x768.jpg" alt="" class="wp-image-79" srcset="https://rejowiec.diecezja.lublin.pl/wp-content/uploads/2019/05/20190522_175954-1-1024x768.jpg 1024w, https://rejowiec.diecezja.lublin.pl/wp-content/uploads/2019/05/20190522_175954-1-300x225.jpg 300w, https://rejowiec.diecezja.lublin.pl/wp-content/uploads/2019/05/20190522_175954-1-768x576.jpg 768w, https://rejowiec.diecezja.lublin.pl/wp-content/uploads/2019/05/20190522_175954-1-1536x1152.jpg 1536w, https://rejowiec.diecezja.lublin.pl/wp-content/uploads/2019/05/20190522_175954-1-2048x1536.jpg 2048w" sizes="auto, (max-width: 1024px) 100vw, 1024px" /></figure>



<p><strong>Miejscowości, które obecnie przynależą do parafii.</strong></p>



<p>Adamów; Aleksandria Niedziałowska; Czarnoziem; Hruszów kol.; Hruszów w.; Klementynów; Kobyle kol.; Kobyle w.; Krynica; Ludwinów; Marynin; Marysin kol.; Marysin w.; Niedziałowice; Rejowiec kol.; Rejowiec; Rybie; Siedliszczki w.; Weresce Małe; Wólka Rejowiecka;</p>

<p>Rys historyczny Parafia w Rejowcu została erygowana 2 kwietnia 1919 r. przez ówczesnego biskupa lubelskiego M. Fulmana. Uprzednio istniała w tej miejscowościu parafia grekokatolicka. Świątynię&hellip;</p>
