{"id":631,"date":"2021-01-03T17:31:31","date_gmt":"2021-01-03T17:31:31","guid":{"rendered":"http:\/\/rejowiec.diecezja.lublin.pl\/?page_id=631"},"modified":"2021-01-05T08:41:01","modified_gmt":"2021-01-05T08:41:01","slug":"orszak-trzech-kroli","status":"publish","type":"page","link":"https:\/\/rejowiec.diecezja.lublin.pl\/?page_id=631","title":{"rendered":"Orszak Trzech Kr\u00f3li"},"content":{"rendered":"\n<p class=\"has-black-color has-text-color has-normal-font-size\"><strong>Trasa OTK w Rejowcu<\/strong><br>Start: <br>1. Szko\u0142a &#8211; baner nr 1&nbsp;&nbsp;<br>2. Biblioteka &#8211; baner nr 2<br>3. Arianka &#8211; baner nr 4<br>4. Kapliczka Matki Bo\u017cej przy ul. Fabrycznej &#8211; baner nr 3<br>5. Pa\u0142ac Rady Miasta &#8211; baner nr 5<br>6. Komisariat Policji &#8211; baner nr 6<br>7. Altanka nad stawem &#8211; baner nr 8<br>8. Cmentarz (brama od ul. D\u0105browskiego) &#8211; baner nr 7<br>9. Brama ko\u015bcio\u0142a &#8211; baner nr 9.<br>10. Szopka w ko\u015bciele &#8211; baner nr 10<\/p>\n\n\n\n<hr>\n\n\n\n<div class=\"wp-block-file\"><a href=\"http:\/\/rejowiec.diecezja.lublin.pl\/wp-content\/uploads\/2021\/01\/Mapa-OTK.jpg\">Mapa OTK<\/a><a href=\"http:\/\/rejowiec.diecezja.lublin.pl\/wp-content\/uploads\/2021\/01\/Mapa-OTK.jpg\" class=\"wp-block-file__button\" download>Pobierz<\/a><\/div>\n\n\n\n<hr>\n\n\n\n<div class=\"wp-block-file\"><a href=\"http:\/\/rejowiec.diecezja.lublin.pl\/wp-content\/uploads\/2021\/01\/Karta_zadan_Spacer_Orszakowy.jpg\">Karta_zada\u0144_Spacer_Orszakowy<\/a><a href=\"http:\/\/rejowiec.diecezja.lublin.pl\/wp-content\/uploads\/2021\/01\/Karta_zadan_Spacer_Orszakowy.jpg\" class=\"wp-block-file__button\" download>Pobierz<\/a><\/div>\n\n\n\n<hr>\n\n\n\n<p class=\"has-black-color has-text-color\"><strong>Mapa trasy OTK<\/strong><\/p>\n\n\n\n<iframe loading=\"lazy\" src=\"https:\/\/www.google.com\/maps\/d\/embed?mid=1z-eDMnhuPo7tkB4F90Y92W-ctKGX1uZp&amp;hl=pl\" width=\"100%\" height=\"600\"><\/iframe>\n","protected":false},"excerpt":{"rendered":"<p>Trasa OTK w RejowcuStart: 1. Szko\u0142a &#8211; baner nr 1&nbsp;&nbsp;2. Biblioteka &#8211; baner nr 23. Arianka &#8211; baner nr 44. Kapliczka Matki Bo\u017cej przy ul.&hellip;<\/p>\n","protected":false},"author":1,"featured_media":0,"parent":0,"menu_order":0,"comment_status":"closed","ping_status":"closed","template":"","meta":{"footnotes":""},"class_list":["post-631","page","type-page","status-publish","hentry"],"_links":{"self":[{"href":"https:\/\/rejowiec.diecezja.lublin.pl\/index.php?rest_route=\/wp\/v2\/pages\/631","targetHints":{"allow":["GET"]}}],"collection":[{"href":"https:\/\/rejowiec.diecezja.lublin.pl\/index.php?rest_route=\/wp\/v2\/pages"}],"about":[{"href":"https:\/\/rejowiec.diecezja.lublin.pl\/index.php?rest_route=\/wp\/v2\/types\/page"}],"author":[{"embeddable":true,"href":"https:\/\/rejowiec.diecezja.lublin.pl\/index.php?rest_route=\/wp\/v2\/users\/1"}],"replies":[{"embeddable":true,"href":"https:\/\/rejowiec.diecezja.lublin.pl\/index.php?rest_route=%2Fwp%2Fv2%2Fcomments&post=631"}],"version-history":[{"count":19,"href":"https:\/\/rejowiec.diecezja.lublin.pl\/index.php?rest_route=\/wp\/v2\/pages\/631\/revisions"}],"predecessor-version":[{"id":660,"href":"https:\/\/rejowiec.diecezja.lublin.pl\/index.php?rest_route=\/wp\/v2\/pages\/631\/revisions\/660"}],"wp:attachment":[{"href":"https:\/\/rejowiec.diecezja.lublin.pl\/index.php?rest_route=%2Fwp%2Fv2%2Fmedia&parent=631"}],"curies":[{"name":"wp","href":"https:\/\/api.w.org\/{rel}","templated":true}]}}

Orszak Trzech Króli

<p class="has-black-color has-text-color has-normal-font-size"><strong>Trasa OTK w Rejowcu</strong><br>Start: <br>1. Szkoła &#8211; baner nr 1&nbsp;&nbsp;<br>2. Biblioteka &#8211; baner nr 2<br>3. Arianka &#8211; baner nr 4<br>4. Kapliczka Matki Bożej przy ul. Fabrycznej &#8211; baner nr 3<br>5. Pałac Rady Miasta &#8211; baner nr 5<br>6. Komisariat Policji &#8211; baner nr 6<br>7. Altanka nad stawem &#8211; baner nr 8<br>8. Cmentarz (brama od ul. Dąbrowskiego) &#8211; baner nr 7<br>9. Brama kościoła &#8211; baner nr 9.<br>10. Szopka w kościele &#8211; baner nr 10</p>



<hr>



<div class="wp-block-file"><a href="http://rejowiec.diecezja.lublin.pl/wp-content/uploads/2021/01/Mapa-OTK.jpg">Mapa OTK</a><a href="http://rejowiec.diecezja.lublin.pl/wp-content/uploads/2021/01/Mapa-OTK.jpg" class="wp-block-file__button" download>Pobierz</a></div>



<hr>



<div class="wp-block-file"><a href="http://rejowiec.diecezja.lublin.pl/wp-content/uploads/2021/01/Karta_zadan_Spacer_Orszakowy.jpg">Karta_zadań_Spacer_Orszakowy</a><a href="http://rejowiec.diecezja.lublin.pl/wp-content/uploads/2021/01/Karta_zadan_Spacer_Orszakowy.jpg" class="wp-block-file__button" download>Pobierz</a></div>



<hr>



<p class="has-black-color has-text-color"><strong>Mapa trasy OTK</strong></p>



<iframe loading="lazy" src="https://www.google.com/maps/d/embed?mid=1z-eDMnhuPo7tkB4F90Y92W-ctKGX1uZp&amp;hl=pl" width="100%" height="600"></iframe>

<p>Trasa OTK w RejowcuStart: 1. Szkoła &#8211; baner nr 1&nbsp;&nbsp;2. Biblioteka &#8211; baner nr 23. Arianka &#8211; baner nr 44. Kapliczka Matki Bożej przy ul.&hellip;</p>
