{"id":74,"date":"2019-04-29T16:44:35","date_gmt":"2019-04-29T16:44:35","guid":{"rendered":"http:\/\/rejowiec.diecezja.lublin.pl\/?page_id=74"},"modified":"2019-04-29T16:44:35","modified_gmt":"2019-04-29T16:44:35","slug":"kontakt","status":"publish","type":"page","link":"https:\/\/rejowiec.diecezja.lublin.pl\/?page_id=74","title":{"rendered":"Dane i kontakt"},"content":{"rendered":"\n<h4 class=\"wp-block-heading\"><strong>Parafia \u015awi\u0119tego Jozafata Kuncewicza w Rejowcu<\/strong><br> ul. Ko\u015bciuszki 68<br>22-360 Rejowiec  <\/h4>\n\n\n\n<h4 class=\"wp-block-heading\">tel: 508 440 601<br>email: parafiarejowiec@wp.pl <\/h4>\n\n\n\n<h4 class=\"wp-block-heading\">konto parafialne: <br>Bank Pekao SA, III Oddzia\u0142 w Lublinie<br>03 1240 2382 1111 0010 8577 2099<\/h4>\n\n\n\n<p><\/p>\n","protected":false},"excerpt":{"rendered":"<p>Parafia \u015awi\u0119tego Jozafata Kuncewicza w Rejowcu ul. Ko\u015bciuszki 6822-360 Rejowiec tel: 508 440 601email: parafiarejowiec@wp.pl konto parafialne: Bank Pekao SA, III Oddzia\u0142 w Lublinie03 1240&hellip;<\/p>\n","protected":false},"author":1,"featured_media":0,"parent":0,"menu_order":0,"comment_status":"closed","ping_status":"closed","template":"","meta":{"footnotes":""},"class_list":["post-74","page","type-page","status-publish","hentry"],"_links":{"self":[{"href":"https:\/\/rejowiec.diecezja.lublin.pl\/index.php?rest_route=\/wp\/v2\/pages\/74","targetHints":{"allow":["GET"]}}],"collection":[{"href":"https:\/\/rejowiec.diecezja.lublin.pl\/index.php?rest_route=\/wp\/v2\/pages"}],"about":[{"href":"https:\/\/rejowiec.diecezja.lublin.pl\/index.php?rest_route=\/wp\/v2\/types\/page"}],"author":[{"embeddable":true,"href":"https:\/\/rejowiec.diecezja.lublin.pl\/index.php?rest_route=\/wp\/v2\/users\/1"}],"replies":[{"embeddable":true,"href":"https:\/\/rejowiec.diecezja.lublin.pl\/index.php?rest_route=%2Fwp%2Fv2%2Fcomments&post=74"}],"version-history":[{"count":0,"href":"https:\/\/rejowiec.diecezja.lublin.pl\/index.php?rest_route=\/wp\/v2\/pages\/74\/revisions"}],"wp:attachment":[{"href":"https:\/\/rejowiec.diecezja.lublin.pl\/index.php?rest_route=%2Fwp%2Fv2%2Fmedia&parent=74"}],"curies":[{"name":"wp","href":"https:\/\/api.w.org\/{rel}","templated":true}]}}

<h4 class="wp-block-heading"><strong>Parafia Świętego Jozafata Kuncewicza w Rejowcu</strong><br> ul. Kościuszki 68<br>22-360 Rejowiec  </h4>



<h4 class="wp-block-heading">tel: 508 440 601<br>email: parafiarejowiec@wp.pl </h4>



<h4 class="wp-block-heading">konto parafialne: <br>Bank Pekao SA, III Oddział w Lublinie<br>03 1240 2382 1111 0010 8577 2099</h4>



<p></p>

<p>Parafia Świętego Jozafata Kuncewicza w Rejowcu ul. Kościuszki 6822-360 Rejowiec tel: 508 440 601email: parafiarejowiec@wp.pl konto parafialne: Bank Pekao SA, III Oddział w Lublinie03 1240&hellip;</p>
