{"id":810,"date":"2023-01-22T19:09:55","date_gmt":"2023-01-22T19:09:55","guid":{"rendered":"http:\/\/rejowiec.diecezja.lublin.pl\/?page_id=810"},"modified":"2023-01-22T19:09:55","modified_gmt":"2023-01-22T19:09:55","slug":"rada-parafialna-2023-2028","status":"publish","type":"page","link":"https:\/\/rejowiec.diecezja.lublin.pl\/?page_id=810","title":{"rendered":"Rada Parafialna 2023 &#8211; 2028"},"content":{"rendered":"\n<ol class=\"wp-block-list\"><li>Ks. Jacek Jakubiec proboszcz<\/li><li>Ks. Micha\u0142 Szadziuk wikariusz<\/li><li>Czuba Monika Rybie<\/li><li>D\u0105bska Joanna Rejowiec<\/li><li>Drzewiecka Gra\u017cyna Adam\u00f3w<\/li><li>Jab\u0142o\u0144ska Katarzyna Krynica<\/li><li>J\u0119druszak Beata W\u00f3lka Rejowiecka<\/li><li>Kaszczuk Grzegorz Ludwin\u00f3w<\/li><li>Kieliszek Feliks Wereszcze Ma\u0142e<\/li><li>Kister Zenon Rejowiec<\/li><li>\u0141osiewicz Tomasz Rejowiec<\/li><li>Majewski Piotr Rejowiec<\/li><li>Majewski Stanis\u0142aw Rejowiec<\/li><li>Nowakowska Hanna Niedzia\u0142owice<\/li><li>Paczosa Wioletta Marysin<\/li><li>Pastu\u0142a Teresa Rejowiec<\/li><li>Sm\u0119tkowski J\u00f3zef Kobyle<\/li><li>Sobstyl Ma\u0142gorzata Marynin<\/li><li>Sowa Sylwia Hrusz\u00f3w<\/li><li>Suska Izabela Czarnoziem<\/li><li>\u015aladewski Marian Rejowiec<\/li><li>\u015awierczy\u0144ski Cezary Marysin<\/li><li>Wawrynek Ewa Aleksandria Niedzia\u0142owska<\/li><li>Wi\u015bniewska Ma\u0142gorzata Siedliszczki<\/li><\/ol>\n","protected":false},"excerpt":{"rendered":"<p>Ks. Jacek Jakubiec proboszcz Ks. Micha\u0142 Szadziuk wikariusz Czuba Monika Rybie D\u0105bska Joanna Rejowiec Drzewiecka Gra\u017cyna Adam\u00f3w Jab\u0142o\u0144ska Katarzyna Krynica J\u0119druszak Beata W\u00f3lka Rejowiecka Kaszczuk&hellip;<\/p>\n","protected":false},"author":1,"featured_media":0,"parent":0,"menu_order":0,"comment_status":"closed","ping_status":"closed","template":"","meta":{"footnotes":""},"class_list":["post-810","page","type-page","status-publish","hentry"],"_links":{"self":[{"href":"https:\/\/rejowiec.diecezja.lublin.pl\/index.php?rest_route=\/wp\/v2\/pages\/810","targetHints":{"allow":["GET"]}}],"collection":[{"href":"https:\/\/rejowiec.diecezja.lublin.pl\/index.php?rest_route=\/wp\/v2\/pages"}],"about":[{"href":"https:\/\/rejowiec.diecezja.lublin.pl\/index.php?rest_route=\/wp\/v2\/types\/page"}],"author":[{"embeddable":true,"href":"https:\/\/rejowiec.diecezja.lublin.pl\/index.php?rest_route=\/wp\/v2\/users\/1"}],"replies":[{"embeddable":true,"href":"https:\/\/rejowiec.diecezja.lublin.pl\/index.php?rest_route=%2Fwp%2Fv2%2Fcomments&post=810"}],"version-history":[{"count":1,"href":"https:\/\/rejowiec.diecezja.lublin.pl\/index.php?rest_route=\/wp\/v2\/pages\/810\/revisions"}],"predecessor-version":[{"id":811,"href":"https:\/\/rejowiec.diecezja.lublin.pl\/index.php?rest_route=\/wp\/v2\/pages\/810\/revisions\/811"}],"wp:attachment":[{"href":"https:\/\/rejowiec.diecezja.lublin.pl\/index.php?rest_route=%2Fwp%2Fv2%2Fmedia&parent=810"}],"curies":[{"name":"wp","href":"https:\/\/api.w.org\/{rel}","templated":true}]}}

<ol class="wp-block-list"><li>Ks. Jacek Jakubiec proboszcz</li><li>Ks. Michał Szadziuk wikariusz</li><li>Czuba Monika Rybie</li><li>Dąbska Joanna Rejowiec</li><li>Drzewiecka Grażyna Adamów</li><li>Jabłońska Katarzyna Krynica</li><li>Jędruszak Beata Wólka Rejowiecka</li><li>Kaszczuk Grzegorz Ludwinów</li><li>Kieliszek Feliks Wereszcze Małe</li><li>Kister Zenon Rejowiec</li><li>Łosiewicz Tomasz Rejowiec</li><li>Majewski Piotr Rejowiec</li><li>Majewski Stanisław Rejowiec</li><li>Nowakowska Hanna Niedziałowice</li><li>Paczosa Wioletta Marysin</li><li>Pastuła Teresa Rejowiec</li><li>Smętkowski Józef Kobyle</li><li>Sobstyl Małgorzata Marynin</li><li>Sowa Sylwia Hruszów</li><li>Suska Izabela Czarnoziem</li><li>Śladewski Marian Rejowiec</li><li>Świerczyński Cezary Marysin</li><li>Wawrynek Ewa Aleksandria Niedziałowska</li><li>Wiśniewska Małgorzata Siedliszczki</li></ol>

<p>Ks. Jacek Jakubiec proboszcz Ks. Michał Szadziuk wikariusz Czuba Monika Rybie Dąbska Joanna Rejowiec Drzewiecka Grażyna Adamów Jabłońska Katarzyna Krynica Jędruszak Beata Wólka Rejowiecka Kaszczuk&hellip;</p>
